 the second derivative of -u**4/12 - 7*u**3/6 + 13*u**2/2 - 3*u. Suppose -38*s - 6277 = -5973. What is v(s)?
5
Let r(j) = -j**3 + 32*j**2 - 2*j + 65. Let l(h) = -382*h + 32. Let s be l(0). Determine r(s).
1
Suppose 5*w - 2*w + 12 = 0. Let u(l) = -4*l + 2. Let q(v) = 2*v. Suppose 3 = 16*c - 13. Let n(a) = c*u(a) + 5*q(a). Determine n(w).
-22
Let i be (189/81 + 4/6)/1. Let o be ((-21)/6 + i)*(-2 + 14). Let j(f) = f**3 + 7*f**2 + 8*f - 3. Give j(o).
-15
Let s = -4 + 1. Let h(b) = -1. Let u(q) = 4*q + 3. Suppose 2*o - 2 = 2*y + y, 2*y = -3*o - 23. Let r(d) = y*h(d) - u(d). Give r(s).
13
Let s = 267719 + -267711. Let o(i) be the second derivative of i**5/20 - 3*i**4/4 + 3*i**3/2 - 13*i**2/2 + i. What is o(s)?
-5
Let k(a) = -a**3 + 4*a**2 + a + 2. Let w be (-44)/550 - 7956/(-75). Suppose -56 = -w*v + 92*v. Determine k(v).
6
Let i(n) = -n + 17. Suppose 54*t + 3*g + 18 = 52*t, 2*t + 2*g = -12. What is i(t)?
17
Let y(c) be the third derivative of 11*c**4/6 + 125*c**3 - 1828*c**2 + 1. What is y(-17)?
2
Let o(m) = 9*m**3 - 58*m**2 - 17*m + 62. Let w(v) = 5*v**3 - 30*v**2 - 8*v + 31. Let y(s) = 6*o(s) - 11*w(s). Determine y(-17).
-20
Let m(x) = 69*x - 3593. Let l be m(52). Let f(u) = -u**2 - 3*u + 17. Calculate f(l).
7
Let m(t) = -275*t**2 - 32*t - 24. Let s(x) = -596*x**2 - 66*x - 48. Let f(j) = -13*m(j) + 6*s(j). Give f(20).
24
Suppose 11 = -2*j + 12 + 15. Suppose 0 = -4*t, -5*i - t + 44 - 9 = 0. Let k(m) = 7 - 8*m - 8*m + i*m + m**2. Give k(j).
-1
Let i(n) = n**2 - 3*n - 5. Let d(x) = 3*x**2 - 7*x. Let r be d(-1). Let y be (0 + r*1)*(-100)/(-250). Determine i(y).
-1
Let l(u) = 10*u + 8. Let w(g) = -3*g - 3. Let f(z) = -4*l(z) - 11*w(z). Let t = -38915 - -38917. Determine f(t).
-13
Let h = 12073 + -12046. Let p(g) = -g + 29. Determine p(h).
2
Suppose -3 = 4*b - 3*b. Let s(l) be the third derivative of 0*l + 0 + 6*l**2 + 1/6*l**3 + 1/60*l**5 + 1/12*l**4. Calculate s(b).
4
Let b(g) = -11*g + 3. Let l(k) = -39*k + 10. Let p = 18 - -3. Let y(o) = p*b(o) - 6*l(o). Give y(-8).
-21
Let a(u) = u - 12. Let q be 1/(2/(-70)*1). Let i be 4/12 + q/(-3). Let t be a(i). Let w(k) = k**2 + k + 9. Determine w(t).
9
Suppose -34*v + 55 + 3651 = 0. Let w be -1*6 + 3 - -119. Let l = w - v. Let p(j) = -j**3 + 7*j**2 - 4*j + 10. Give p(l).
-18
Let o(d) be the first derivative of -1412*d - 126 + 1412*d - d**2. What is o(7)?
-14
Let v(k) = -6*k**3 - 31*k**2 - 4*k + 5. Let g(t) = 5*t**3 + 27*t**2 + 4*t - 5. Let c(s) = 7*g(s) + 6*v(s). Let m be (2/(-5))/((-9)/(-45))*-2. Give c(m).
-5
Let t(n) be the second derivative of 0 + 2/3*n**3 + 1/20*n**5 + 7/12*n**4 + 1/2*n**2 - 81*n. Determine t(-6).
13
Let q(r) = r**2 + 5*r - 18. Let h be q(9). Let j = -35 + h. Let k = j + -66. Let g(n) = -n**2 + 7*n - 2. What is g(k)?
-2
Let u(b) = 2*b**2 + 53*b - 148. Let a be u(-29). Let v(q) = -q**2 + 5. What is v(a)?
-4
Let c = -372 + 1172. Let d(u) = 398*u + 403*u - c*u - 3. Give d(-7).
-10
Let a(u) be the first derivative of -u**5/24 + 5*u**4/12 - 51*u**3 - 49. Let g(o) be the third derivative of a(o). Calculate g(3).
-5
Let x(r) = r**2 - 19*r + 49. Let w = 13420 - 13414. Calculate x(w).
-29
Suppose -3*l + 9 = -5*o + 79, 0 = -l. Suppose -2*h - 6 - o = -2*t, -5*h - 3*t - 26 = 0. Let s(d) = -d**2 - 7*d - 9. Give s(h).
-9
Let o(w) be the first derivative of -12*w**4 + w**3/3 + w**2/2 + w - 726. What is o(-1)?
49
Let y(l) = 3. Let r(k) = -23*k - 38. Let p(f) = r(f) + 5*y(f). What is p(-1)?
0
Suppose q = -q, -12 = -4*d + 5*q. Let r(m) = 8*m**3 + 13*m**2 - m + 11 + m**d + 2*m + 1 - 8*m**3. Give r(-13).
-1
Let w(b) = b**3 + 41*b**2 + 41*b + 35. Let h be w(-40). Let a(x) = -x + 19. What is a(h)?
24
Let f(w) be the first derivative of w**6/8 - w**5/30 + w**3/6 - 99*w**2/2 - w + 8. Let n(g) be the second derivative of f(g). Determine n(-1).
-16
Let z(u) = 6*u**2 - 30*u + 18. Let g = 10500 - 10495. Determine z(g).
18
Let y(j) = -j**3 + 27*j**2 - 26*j - 6. Let s = -8583 - -8609. Give y(s).
-6
Suppose -4*l = -3*u + 38, 5*l + 37 = 3*u - u. Let z(y) = -y**3 + y + 1. Let h(k) = -4*k**3 - 5*k**2 - 2*k + 8. Let r(m) = h(m) - 5*z(m). Give r(u).
-3
Let o(y) be the second derivative of y**4/12 + 11*y**3/6 + y**2 + y. Let l(s) = 23*s**3 - 179*s**2 + 123*s + 12. Let w be l(7). Calculate o(w).
-16
Let w(g) = 3*g**2 - 2*g + 1. Let r = -118 - -121. Suppose 19 = -5*k + 3*o, 2*o + r*o = k - 5. Let j be (-35)/21*3/k. Calculate w(j).
2
Let s(q) = -4*q + 19. Let n(d) = 2*d - 9. Let a(i) = -i**2 + 16*i - 21. Let l be a(11). Let g = -29 + l. Let y(w) = g*n(w) + 2*s(w). Give y(-5).
-17
Let l(x) = 6*x**2 + 9*x - 2. Let r(f) = 5*f**2 + 9*f - 1. Let p(n) = 4*l(n) - 5*r(n). Let t = 160 + -171. Let m(b) = b + 3. Let v be m(t). What is p(v)?
5
Let m = 6489 - 4440. Let l(i) = 1 - 3*i**3 + 2049*i**2 - 2*i - m*i**2. Determine l(1).
-4
Let r = 20 - 12. Let y(i) = 8*i**2 + 12*i + 23. Let d(s) = 3*s**2 + 6*s + 11. Let n be -5*3/(-45)*-15. Let t(o) = n*d(o) + 2*y(o). Give t(r).
7
Let s(u) be the second derivative of u**4/12 + 2*u**3/3 - 27*u**2/2 - 85*u. Let w be s(-7). Let d(o) = -o**3 - 5*o**2 + 8*o - 1. Calculate d(w).
-13
Suppose 0*y - 237 = -y. Suppose 3*l - 60 = -y. Let k = -64 - l. Let h(i) = i**2 + 5*i + 3. What is h(k)?
3
Let a(x) = x**3 + 3*x**2 - 3*x + 3. Let w(n) = -n + 10. Let l be w(7). Suppose -3*h + l*f + 3 = 0, -5*f + 6 = -4*h + 15. Determine a(h).
-1
Let d(k) = -14*k + 1. Let i(j) = -4*j - 22. Suppose 24 = -5*p - 1. Let l be i(p). Let v be l/(-2)*(-1 + 3 - 3). What is d(v)?
15
Let b(v) be the first derivative of v**4/4 + 10*v**3/3 + 5*v**2 + 3*v + 4. Suppose -5*z = 4*h - 70, 0 = -2*z + 2*h - 5 + 15. Let s = z + -19. What is b(s)?
-6
Let j = -184 + 196. Let t = j - 20. Let g(r) = -r**3 - 9*r**2 - 7*r + 2. What is g(t)?
-6
Let o(b) = -16*b + 207. Suppose -11*r = 32*r - 559. Determine o(r).
-1
Let r = 33 + -28. Suppose -h - 17 = 3*j - 5, -r*j - 2*h = 19. Let u(n) = n + 5. What is u(j)?
0
Let z(c) = 33*c + 61 - 37*c + 69 - 138. Calculate z(-6).
16
Let o(a) = -8*a - 117. Suppose -3*f - k = 45, 5*k = 2*f - 119 + 132. Give o(f).
-5
Let a(y) = -y - 65. Let g(s) = s + 33. Let i(v) = -2*a(v) - 5*g(v). Let c be -5*2 + (-11)/33*1*6. Let o be i(c). Let r(u) = -11*u**2 + 1. Determine r(o).
-10
Let x(g) = 119*g + 456. Let s(w) = 59*w + 231. Let q(u) = 11*s(u) - 6*x(u). Determine q(-3).
0
Let i be (26/(-78))/((-1)/15). Let j(d) be the second derivative of -d**3/6 - d**2/2 + d. Give j(i).
-6
Let j(w) = 18*w**2 - 1. Suppose 8*d = -d - 16 + 7. What is j(d)?
17
Let n(j) = 3*j + 6. Let c(k) = -2*k - 4. Let y(v) = -4*c(v) - 3*n(v). Let h(p) = p + 11. Let r(q) = -h(q) - 5*y(q). Let x be (-2)/(-9)*9*1. Determine r(x).
7
Let d(l) = 2*l**2 + 8*l - 9. Let c be (-76)/19 - -1*10 - (-12)/(-1). Determine d(c).
15
Let d(y) = y**2 - 61*y - 5. Let q be d(0). Let s(o) be the second derivative of 1/4*o**4 + 0 + 1/20*o**5 + 4*o - o**3 - 3/2*o**2. Calculate s(q).
-23
Let h(i) be the second derivative of i**5/20 - i**4/6 - i**3 + 3*i**2 + 3*i. Suppose 17*s = 28 + 40. What is h(s)?
14
Let y be ((-12915)/1107)/(14/(-6)). Let o(r) = 4*r + 7. Let v(b) = -8*b - 15. Let m(l) = 13*o(l) + 6*v(l). What is m(y)?
21
Let o(g) = -3*g - 4. Let y = 138 - 140. Let r be (y - 11/(-2)) + 27/(-18). What is o(r)?
-10
Let x(w) = -w + 1. Let q(k) = k + 5. Let l be q(-2). Suppose -4*r = -3*g - 49, 2*g + l*r + 25 = -2. Let s = -19 - g. Determine x(s).
5
Let z(l) = 2 - 8024*l + 16048*l - 8031*l - 6 + 1 - l**3 - 6*l**2. Let g = 21 + -13. Let y be (-4)/g - (-9)/(-2). Calculate z(y).
7
Let a be (-6)/(-9)*(-7 - -13). Suppose 2*x - 3*g + 25 = 1, 2*g = a*x + 40. Let f(b) = 4*b + 9. What is f(x)?
-27
Let t(a) = a + 1. Let n = 50 - 43. Suppose j = n + 16. Suppose -5*i - 4*q - 4 = j, 0 = -3*i + 5*q + 6. Determine t(i).
-2
Let h(a) be the third derivative of -1/3*a**4 + 0 + 1/60*a**5 + 0*a + 25*a**2 + 1/2*a**3. Calculate h(6).
-9
Let p(d) = -56*d + 245. Let w(f) = 7*f - 28. Let h(l) = -6*p(l) - 49*w(l). What is h(-15)?
7
Let u be (55/(-33))/((-20)/24). Let n(s) = -s**3 + 19*s**2 + 18*s + 3. Let z(g) = g**3 - 21*g**2 - 19*g - 4. Let f(t) = u*z(t) + 3*n(t). Calculate f(16).
1
Suppose 430*l + 98 = -738 - 24. Let y(t) be the third derivative of -t**6/60 - t**5/60 + t**4/8 + t**3/3 + t**2. What is y(l)?
8
Let r(v) = -13*v + 17 + 3*v + 0*v + v**2 - 5. Let z = -39 + 0. Let t = z - -47. Determine r(t).
